 + -2)*-1)/(8/(-152)). Let q be b(u). Let y(z) = -4*z + 5 + 7*z**2 - 2*z**2 - 3*z**2. Determine y(q).
21
Suppose -5*b = -17 - 28. Let l(n) = -n**2 - 5 + 3 + 4 - b*n + 5. What is l(-10)?
-3
Let q(w) = w**3 - 2. Let o be (-29)/(-116) + 1/(-4). Suppose 7*j + 5 + 9 = o. Calculate q(j).
-10
Let k(q) = -q**2 + 3*q + 2. Let a = -142 - -144. Suppose -a*j + 7 = -p, j + 2*p - 5*p + 4 = 0. Determine k(j).
-8
Let w(a) = -a + 1. Let q = -182 - -28. Let h = q + 126. Let v be 98/h + (-1 - (-6)/4). What is w(v)?
4
Let u(y) be the second derivative of -y**6/360 - y**5/24 + y**4/4 + y**3/6 - 47*y**2/2 - 39*y. Let r(v) be the second derivative of u(v). Give r(-5).
6
Let v(x) = x**3 - 7*x**2 - x + 1. Let y(q) = -4*q**3 + 42*q**2 + 6*q + 1. Let s(i) = 5*v(i) + y(i). Give s(-7).
-1
Let c(q) = -4*q - 36. Suppose -2*k + 209 = -85*k - 289. Calculate c(k).
-12
Suppose 5*a - 107*r + 57 = -105*r, 0 = -4*r - 16. Let h(l) = -l**2 - 18*l - 12. What is h(a)?
53
Let x(u) = 4939*u + 2 - 10*u**2 - 9890*u + 4949*u. Calculate x(-2).
-34
Let g(w) = w**2 - 6. Let q be g(4). Let l = -438 - -440. Let h(y) = q + l*y - 5*y + 0*y**2 - y**2 - 3. Determine h(-6).
-11
Let v(f) = -12*f + 45. Suppose 81*d = 195 + 48. Determine v(d).
9
Let m(q) = -q**2 - 2*q. Suppose -282 = -4*s - 3*i, 4*i = -5*s - 0*i + 352. Suppose 0 = 2*j - 3*f - 11, -s = 5*j + 5*f - 37. Calculate m(j).
0
Let p = 1932 - 1919. Let m(l) be the first derivative of -l**3/3 + 6*l**2 + 7*l + 2. Let y be m(p). Let r(j) = -j**3 - 5*j**2 + 9*j + 9. What is r(y)?
-9
Let a be 19/(-12*1/(-12)). Let w(r) = 6*r - 120. Calculate w(a).
-6
Suppose 2*s - 4*x + 34 = 0, -2*x = 5*s - 0*x + 49. Let v(f) be the third derivative of f**4/24 + 13*f**3/6 + 2*f**2 + f + 9893. Calculate v(s).
2
Let d(n) be the second derivative of n**5/20 + n**4/12 - 4*n**3 - 7*n**2 - 421*n. Give d(-5).
6
Let y(f) = -2*f**2 - 12*f + 18. Let p(v) = -v - 1. Let h(c) = 2*p(c) + y(c). Let n be h(-8). Let l(z) = n*z - 8*z - 1 + 0 + z. What is l(1)?
-8
Let k(d) = -14 + 906*d**2 - 1743*d**2 + 8*d + 828*d**2 + d**3. Calculate k(8).
-14
Let k(y) = -4*y**3 - 2*y**2 - 2*y - 1. Let b be k(-1). Suppose -g + 6*g = -b*s + 50, -s = -5. Let q(i) = g + i**2 + 4*i - 2*i - 4. Give q(3).
18
Let y(w) = -7*w**2 + 29*w - 17. Suppose 11*p - 101 + 68 = 0. Calculate y(p).
7
Let p(k) be the second derivative of -k**3/6 + 8*k. Let t = 54 + -56. Calculate p(t).
2
Let d(x) = -7*x**3 - 17*x**2 - 7*x + 3. Let a(b) = -b**3 - 2*b**2 + 1. Let v(n) = -6*a(n) + d(n). Determine v(-5).
32
Let y(n) = -7*n - 26 + 14*n - n**2 + 47 - 17. Let r be y(8). Let k(z) = z**2 + 2*z - 1. Calculate k(r).
7
Let v(k) = 41*k + 341. Let s(n) = 62*n + 496. Let z(q) = 5*s(q) - 7*v(q). Determine z(-5).
-22
Let d(o) be the second derivative of o**5/120 - o**4/12 - 11*o**3/2 + o - 4. Let c(k) be the second derivative of d(k). What is c(8)?
6
Let r(p) = -p**3 - 2*p**2 + 3*p + 1. Let d be r(2). Let y = d - -1. Let m = 2 + y. Let z(v) = v**3 + 6*v**2 + 2*v + 8. What is z(m)?
-4
Let h(b) = 3*b**2 + 16*b. Let f be h(-4). Let l = -21 - f. Let o(x) = -x**2 - 6*x + 4. Let j(v) = 3*v**2 + 18*v - 11. Let m(w) = -4*j(w) - 11*o(w). Give m(l).
5
Let j(s) = s**2 - s - 5. Let t be j(-2). Let c(o) = 0 + 610*o - 300*o - 306*o - t. Suppose 0 = 5*m - 10*m - 20. Give c(m).
-17
Let d(n) = n**2 - 50*n + 305. Let j be ((-20)/180)/(1/(-387)). Give d(j).
4
Let r(h) = -h + 13. Suppose 0 = 138*n - 132*n - 114. Determine r(n).
-6
Let j = -51 - -107. Let k = j + -46. Suppose 5*x - k = 0, o + 3*o + 2 = 5*x. Let t(a) = 4*a + 2. Give t(o).
10
Let d(z) = 19*z**3 + z**2 + 6*z + 15. Let n(g) = 33*g**3 + g**2 + 14*g + 29. Let a(y) = -7*d(y) + 4*n(y). Give a(-5).
-9
Let h(s) be the second derivative of -s**5/60 - s**4/4 + 172*s**2 + 5*s + 4. Let w(d) be the first derivative of h(d). Give w(-6).
0
Let v(j) = -3*j**2 + 22*j - 44. Let c be v(4). Let m(a) = -a**3 - 4*a**2 - 11*a - 10. What is m(c)?
34
Let r(o) = 3*o + 10. Let c(a) be the third derivative of a**4/24 + a**3 - 36*a**2. Let x be c(-4). Suppose 3*v - 14 = u, -x*u - 3 = 2*v + 9. Calculate r(u).
-14
Let m = 274 + -368. Suppose -267 = 7*k - 4*k. Let i = k - m. Let v(s) = s**2 - 3*s + 4. Determine v(i).
14
Let h be -1*(15 - 5)/2*(-1 + 0). Let b(a) = 10*a - 56. Determine b(h).
-6
Let p(w) be the first derivative of -1/3*w**3 - 1/2*w**2 - 2*w**4 + 7 + w. Give p(1).
-9
Let a(w) be the first derivative of -5*w**2/2 - 62*w + 5. Calculate a(-11).
-7
Let b(n) = -16*n - 18. Let i(w) = -1139*w - 11381. Let h be i(-10). Calculate b(h).
-162
Let i(u) = -u**2 - 12*u - 25. Let w be i(-9). Let f(l) = -2*l**3 - 2*l**3 - 15662*l**w + 5*l - 12 + 3*l**3 + 15656*l**2. What is f(-7)?
2
Let h(z) = 5 - 2 - 7 + 5. Let n(d) = 20*d - 9. Let a(j) = -5*h(j) + n(j). Let g(y) = 7*y - 5. Let b(p) = 6*a(p) - 17*g(p). Determine b(8).
9
Let t(i) = i**2 - 26*i + 69. Suppose 42*o + 239*o = -79*o + 7920. Determine t(o).
-19
Let j be 135/3*(-2 - -5). Let r(t) = -j - 131 + 3*t**2 + 267. What is r(1)?
4
Let d(k) = -k**2 + 6*k. Let x(q) = 41*q + 569. Let u be x(-14). What is d(u)?
-55
Let v(x) = -50*x + 13. Let g(n) = -504*n + 131. Let h(o) = 2*g(o) - 21*v(o). What is h(3)?
115
Let u(c) = c + 1. Let o(y) = 1. Let g(w) = 6*o(w) + u(w). Let z(d) = -d**3 - 4*d**2 + d + 56. Let r be z(3). What is g(r)?
3
Let g(h) = -19*h - 152 + 359 - 143 + h**2. Calculate g(15).
4
Let l(r) = r**3 + 11*r**2 + r + 10. Let v(g) = -2. Let j(w) = w - 7. Let q(b) = 2*j(b) - 10*v(b). Let h be q(-4). Let z = h - 9. Give l(z).
-1
Let m(d) = -33 - 9 - d**2 + 6092*d - 6116*d. Determine m(-13).
101
Let k(a) = 0*a + a - 5*a + 105 - 84. Let g(v) = 8*v - 47. Let q(x) = -4*g(x) - 9*k(x). Determine q(-6).
-25
Let k(m) = m**2 - 3*m - 1. Let x(n) = 6*n + 94. Suppose -19*y = -26*y - 112. Let d be x(y). What is k(d)?
9
Suppose -14*p + 18*p = -32. Let m be 2/(-1)*(p + 7). Let i(s) = 0 + 5*s**m - 6*s**2 - 2 + 2*s. What is i(4)?
-10
Let h(f) be the second derivative of 2/3*f**4 - 3/2*f**3 - 1/20*f**5 + 7/2*f**2 + 3*f + 3. Let d be 6 - (0 + 2/(-2)). What is h(d)?
-7
Let v be -1*(-2 + (2 - (1 + 1))). Let w(r) = -3*r**2 + 4*r + 2. Let q be w(v). Let b(l) be the first derivative of -l**3 - 2*l**2 - 2*l + 1. What is b(q)?
-6
Let n = -30 - -44. Let a(i) = -4*i - 5*i + 15 + 13*i - 5*i. What is a(n)?
1
Let h = -10 + 7. Suppose -35 - 109 = -24*d. Let r(o) = -11*o**2 - 3*o - 4. Let c(m) = -9*m**2 - 2*m - 4. Let t(n) = d*c(n) - 5*r(n). Determine t(h).
-4
Let y(i) = -6*i - 1. Let a be y(1). Let u(z) = -z**2 - 5 + 15 + 2*z**2 - 5*z. Let g(r) = -5*r**2 + 19*r - 41. Let x(w) = -2*g(w) - 9*u(w). What is x(a)?
-8
Let u be (-49)/21 - (-8)/24. Let t(n) = 10*n**3 + 2*n**2 + 4*n + 3. What is t(u)?
-77
Let k(r) = -r - 2. Suppose 3*p + 5*c - 2254 + 536 = 0, -2*p = 2*c - 1144. Let y = p + -572. Give k(y).
-1
Let f(t) = 15*t**3 + t**2 + 9*t - 10. Let h(r) = 44*r**3 + 4*r**2 + 24*r - 28. Let u(n) = -14*f(n) + 5*h(n). What is u(1)?
10
Suppose 5*r = -0*r. Suppose r = 2*z + z + 6. Let l(a) = -2*a**2 + 2*a + 1. Calculate l(z).
-11
Let l(n) be the third derivative of n**4/12 - 23*n**3/6 + n**2 + 230*n. Determine l(13).
3
Let a(u) = 5*u - 1. Let d be 75/5 - (-1 - -15). Calculate a(d).
4
Let o(n) be the third derivative of -n**6/60 - 11*n**5/30 + n**4/12 + 17*n**3/6 - 1788*n**2 - 2. Give o(-11).
-5
Let u(f) = f**3 - f**2 - 4*f - 11. Let z be u(5). Let n = z + 47. Let q = 119 - n. Let k(p) = p**3 - 2*p**2 - 2. What is k(q)?
7
Let f(q) = -1 - 11*q - q**2 - q**2 + 4*q - q + q. Let i(l) = -l**2 + 17*l - 15. Let m be i(16). Let p(a) = -6*a**2 + a. Let k be p(m). What is f(k)?
-16
Let p(n) = 53*n + 2. Suppose 4*b - 8 = -4*m, -9*m + 4*b - 6 = -14*m. Calculate p(m).
-104
Suppose 481*x - 480*x = 2. Let m(i) = 9 + 8*i + 7 - x - 12. Determine m(-1).
-6
Let y be 3/(-1) + 63/(-54)*-6. Suppose 2*v = -2*v - 12, -y*v = -4*p - 16. Let t(a) = a + 5. What is t(p)?
-2
Let g = 49 - 54. Let s(h) be the second derivative of h**4/6 + 2*h**3/3 - 7*h**2/2 - 20*h. Give s(g).
23
Suppose -3*u = -5*h - 9, 0*u + 4*u - 12 = -2*h. Suppose x + 7*x = 32. Let k(n) = 11 - 3 + x*n - 7. Calculate k(u).
13
Let f(a) = 11*a - 618*a**2 + 6 - 1078*a**2 + 1697*a**2. Suppose 2*y - 3*h + 10 = -18, 2*h = 4*y + 40. Give f(y).
-18
Let g(f) = -796*f**2 + 54*f + 15*f - 78 + 794*f**2. Calculate g(33).
21
Let x(w) = 18 - 5 + 7 + 437467*w - 437468*w. Give x(-11).
31
Let c(m) 